NOAA-Style Climate Reports

Select a Year or Month report
2024: Gen Feb Mar Apr Mag Giu Lug Ago Set Ott Nov Dic
2023: Gen Feb Mar Apr Mag Giu Lug Ago Set Ott Nov Dic
2022: Gen Feb Mar Apr Mag Giu Lug Ago Set Ott Nov Dic
2021: Gen Feb Mar Apr Mag Giu Lug Ago Set Ott Nov Dic
2020: Gen Feb Mar Apr Mag Giu Lug Ago Set Ott Nov Dic
2019: Gen Feb Mar Apr Mag Giu Lug Ago Set Ott Nov Dic
2018: Gen Feb Mar Apr Mag Giu Lug Ago Set Ott Nov Dic
2017: Gen Feb Mar Apr Mag Giu Lug Ago Set Ott Nov Dic
2016: Gen Feb Mar Apr Mag Giu Lug Ago Set Ott Nov Dic

Report for 2022 Giugno

Daily noaa report



                            MONTHLY CLIMATOLOGICAL SUMMARY for JUN. 2022

NAME: Lodi San Bernardo   CITY: Lodi STATE: Italy
ELEV: 78 LAT: 045:17:57 LONG: -009:31:14

                            TEMPERATURE ( °C), RAIN (mm), WIND SPEED (kmh)

                                               HEAT     COOL           AVG
      MEAN                                     DEG      DEG            WIND                       DOM
DAY   TEMP    HIGH   TIME     LOW    TIME      DAYS     DAYS    RAIN   SPEED    HIGH    TIME      DIR
--------------------------------------------------------------------------------------------------------
01    23.3    28.4   16:15    17.6   06:24     00.0     05.0    00.0   01.6     18.5    23:28     WSW
02    25.0    30.2   18:27    19.9   06:57     00.0     06.7    00.0   02.2     20.4    01:20     WSW
03    22.7    25.2   11:49    20.8   00:00     00.0     04.4    01.5   02.0     29.6    12:15     ESE
04    24.5    31.3   16:13    18.2   06:38     00.0     06.2    00.0   02.9     16.6    16:53      W 
05    24.8    30.8   16:57    20.1   06:19     00.0     06.5    00.0   04.4     35.1    17:38     ENE
06    24.7    30.2   18:25    17.7   05:53     00.0     06.4    00.0   03.4     18.5    16:38     ESE
07    23.0    27.3   17:10    19.3   13:10     00.0     04.7    13.2   05.7     29.6    12:19     ESE
08    21.8    27.5   15:38    16.5   05:48     00.0     03.5    00.8   04.5     20.4    15:14      E 
09    21.5    27.9   16:36    16.7   05:28     00.0     03.2    00.8   04.4     44.4    17:10      E 
10    23.6    30.4   17:15    16.1   06:17     00.0     05.3    00.0   04.7     22.2    07:04      SW
11    24.6    31.2   15:44    16.9   05:31     00.0     06.3    00.0   03.7     18.5    10:53     ESE
12    25.9    32.7   16:53    18.8   05:52     00.0     07.6    00.0   03.5     18.5    15:20     SSE
13    26.9    33.3   17:47    21.7   05:59     00.0     08.6    00.0   03.7     22.2    19:46     ESE
14    25.9    30.8   17:37    20.5   06:18     00.0     07.6    00.0   06.3     29.6    09:40     ESE
15    26.4    31.9   18:17    20.8   06:27     00.0     08.1    00.0   04.4     18.5    08:27     ESE
16    28.1    34.4   17:25    21.0   05:56     00.0     09.8    00.0   03.7     20.4    16:01     WSW
17    28.1    33.8   18:00    22.0   06:09     00.0     09.8    00.0   03.8     16.6    17:34     ESE
18    27.6    32.5   17:44    22.0   06:23     00.0     09.3    00.0   06.4     27.8    08:59     ESE
19    27.6    33.5   17:58    21.1   06:21     00.0     09.3    00.0   04.4     22.2    12:19     ESE
20    27.9    34.3   17:03    22.6   05:59     00.0     09.6    00.0   05.8     27.8    16:31      W 
21    27.5    33.3   15:53    21.9   05:19     00.0     09.2    00.0   05.6     27.8    18:51     WNW
22    25.2    28.9   15:40    22.4   06:37     00.0     06.9    00.8   03.2     18.5    13:05     NNE
23    25.5    29.3   13:11    20.7   06:34     00.0     07.2    00.0   03.8     22.2    10:52      W 
24    23.9    30.6   15:28    19.7   05:24     00.0     05.6    06.9   03.6     68.5    16:09      E 
25    24.6    30.2   16:34    18.6   04:42     00.0     06.3    00.0   03.0     20.4    22:48     WNW
26    26.9    32.4   18:06    21.2   06:33     00.0     08.6    00.0   02.6     18.5    14:54     ENE
27    28.4    33.4   18:05    22.7   06:38     00.0     10.1    00.0   03.6     22.2    12:25     ESE
28    26.0    29.1   11:28    19.7   23:45     00.0     07.7    03.8   03.6     31.4    22:49      SE
29    25.3    32.2   18:28    19.2   06:30     00.0     07.0    01.5   06.7     25.9    10:32     WSW
30    27.1    31.8   18:05    22.4   03:23     00.0     08.8    00.0   03.4     20.4    08:05      W 
--------------------------------------------------------------------------------------------------------
25.5 (25.5)   34.4  day 16     16.1  day 10   000.0    215.2   029.3   04.0     68.5   day 24      SE
Max >  30: 22
Min <   30: 30
Max Rain: 13.2 ON 7-06-22
Days of Rain: 8 (> .2mm) 3 (> 2mm) 0 (> 20mm)