NOAA-Style Climate Reports

Select a Year or Month report
2024: Gen Feb Mar Apr Mag Giu Lug Ago Set Ott Nov Dic
2023: Gen Feb Mar Apr Mag Giu Lug Ago Set Ott Nov Dic
2022: Gen Feb Mar Apr Mag Giu Lug Ago Set Ott Nov Dic
2021: Gen Feb Mar Apr Mag Giu Lug Ago Set Ott Nov Dic
2020: Gen Feb Mar Apr Mag Giu Lug Ago Set Ott Nov Dic
2019: Gen Feb Mar Apr Mag Giu Lug Ago Set Ott Nov Dic
2018: Gen Feb Mar Apr Mag Giu Lug Ago Set Ott Nov Dic
2017: Gen Feb Mar Apr Mag Giu Lug Ago Set Ott Nov Dic
2016: Gen Feb Mar Apr Mag Giu Lug Ago Set Ott Nov Dic

Report for 2022 Luglio

Daily noaa report



                            MONTHLY CLIMATOLOGICAL SUMMARY for JUL. 2022

NAME: Lodi San Bernardo   CITY: Lodi STATE: Italy
ELEV: 78 LAT: 045:17:57 LONG: -009:31:14

                            TEMPERATURE ( °C), RAIN (mm), WIND SPEED (kmh)

                                               HEAT     COOL           AVG
      MEAN                                     DEG      DEG            WIND                       DOM
DAY   TEMP    HIGH   TIME     LOW    TIME      DAYS     DAYS    RAIN   SPEED    HIGH    TIME      DIR
--------------------------------------------------------------------------------------------------------
01    27.1    32.1   18:31    21.3   06:44     00.0     08.8    00.0   02.3     18.5    10:51      W 
02    27.9    33.4   17:33    21.0   06:08     00.0     09.6    00.0   02.0     18.5    16:17      S 
03    29.7    36.1   18:08    23.5   05:51     00.0     11.4    00.0   01.5     14.8    11:18     SSW
04    27.4    33.9   16:47    21.2   19:48     00.0     09.1    00.0   04.3     72.2    18:52     SSE
05    27.3    34.5   18:43    20.5   05:37     00.0     09.0    00.5   04.6     18.5    15:56     WSW
06    27.0    31.4   17:39    22.1   06:37     00.0     08.7    00.0   06.1     25.9    07:46     ESE
07    27.0    32.5   17:27    21.7   06:49     00.0     08.7    00.0   05.9     35.1    22:56     ESE
08    25.0    30.9   17:56    18.8   05:37     00.0     06.7    00.0   02.1     20.4    18:32      SE
09    25.0    30.3   15:35    18.9   05:32     00.0     06.7    00.0   02.1     22.2    11:04     ESE
10    26.1    32.8   17:19    18.6   06:33     00.0     07.8    00.0   02.0     20.4    17:28      SW
11    26.1    31.2   16:07    20.2   06:20     00.0     07.8    00.0   01.7     27.8    09:26     ESE
12    26.2    31.0   17:40    21.4   06:49     00.0     07.9    00.0   01.1     22.2    12:39     ESE
13    26.5    31.8   17:31    20.4   06:36     00.0     08.2    00.0   01.1     24.1    08:43      SE
14    27.8    33.2   17:51    21.3   06:13     00.0     09.5    00.0   00.0     07.4    17:05      SE
15    29.9    36.8   18:26    23.6   06:36     00.0     11.6    00.0   00.8     27.8    23:31     WSW
16    28.6    34.0   17:25    23.6   06:38     00.0     10.3    00.0   00.0     16.6    10:50     ESE
17    28.3    33.3   16:56    23.2   06:34     00.0     10.0    00.0   00.5     25.9    10:40     ESE
18    28.1    33.4   16:03    22.7   06:20     00.0     09.8    00.0   00.1     18.5    14:53     ESE
19    28.4    34.1   17:47    22.4   06:14     00.0     10.1    00.0   00.1     16.6    14:11      E 
20    29.2    35.7   16:45    23.2   06:07     00.0     10.9    00.0   00.2     14.8    16:07     ESE
21    29.9    35.7   17:54    23.9   05:35     00.0     11.6    00.0   00.3     12.9    02:29     ESE
22    30.5    36.4   17:08    23.7   06:21     00.0     12.2    00.0   00.0     12.9    22:32      SE
23    30.0    35.2   14:20    24.7   06:44     00.0     11.7    00.0   04.1     18.5    23:09     WNW
24    29.7    34.6   16:58    24.9   06:14     00.0     11.4    00.0   01.3     14.8    17:10      NE
25    30.1    36.9   17:40    23.7   00:00     00.0     11.8    00.3   02.8     55.5    21:04      SW
26    27.4    34.2   17:18    21.0   00:00     00.0     09.1    38.4   04.7     46.3    22:09     SSW
27    25.2    30.6   17:55    19.8   06:33     00.0     06.9    09.4   02.3     33.3    02:24      SE
28    26.4    31.7   16:17    21.4   06:28     00.0     08.1    02.3   01.0     24.1    12:14     ESE
29    23.9    31.4   15:38    20.8   21:20     00.0     05.6    02.3   00.5     37.0    16:51      SE
30    25.1    32.1   18:28    19.4   07:56     00.0     06.8    00.3   01.2     35.1    19:37     WSW
31    27.2    33.3   16:57    21.1   06:22     00.0     08.9    00.0   02.4     16.6    13:49      SW
--------------------------------------------------------------------------------------------------------
27.5 (27.6)   36.9  day 25     18.6  day 10   000.0    286.5   053.8   01.9     72.2   day 04      SE
Max >  30: 31
Min <   30: 31
Max Rain: 38.4 ON 26-07-22
Days of Rain: 7 (> .2mm) 4 (> 2mm) 1 (> 20mm)