NOAA-Style Climate Reports

Select a Year or Month report
2024: Gen Feb Mar Apr Mag Giu Lug Ago Set Ott Nov Dic
2023: Gen Feb Mar Apr Mag Giu Lug Ago Set Ott Nov Dic
2022: Gen Feb Mar Apr Mag Giu Lug Ago Set Ott Nov Dic
2021: Gen Feb Mar Apr Mag Giu Lug Ago Set Ott Nov Dic
2020: Gen Feb Mar Apr Mag Giu Lug Ago Set Ott Nov Dic
2019: Gen Feb Mar Apr Mag Giu Lug Ago Set Ott Nov Dic
2018: Gen Feb Mar Apr Mag Giu Lug Ago Set Ott Nov Dic
2017: Gen Feb Mar Apr Mag Giu Lug Ago Set Ott Nov Dic
2016: Gen Feb Mar Apr Mag Giu Lug Ago Set Ott Nov Dic

Report for 2022 Ottobre

Daily noaa report



                            MONTHLY CLIMATOLOGICAL SUMMARY for OCT. 2022

NAME: Lodi San Bernardo   CITY: Lodi STATE: Italy
ELEV: 78 LAT: 045:17:57 LONG: -009:31:14

                            TEMPERATURE ( °C), RAIN (mm), WIND SPEED (kmh)

                                               HEAT     COOL           AVG
      MEAN                                     DEG      DEG            WIND                       DOM
DAY   TEMP    HIGH   TIME     LOW    TIME      DAYS     DAYS    RAIN   SPEED    HIGH    TIME      DIR
--------------------------------------------------------------------------------------------------------
01    16.8    21.8   16:30    13.3   07:58     01.5     00.0    00.3   06.1     25.9    15:53      W 
02    18.5    25.3   17:26    12.2   08:03     00.0     00.2    00.0   03.8     16.6    22:11      W 
03    18.6    25.3   16:11    13.2   08:01     00.0     00.3    00.0   02.5     12.9    05:52     SSE
04    17.7    22.1   17:32    14.7   06:46     00.6     00.0    00.0   01.6     12.9    15:03      E 
05    18.1    24.0   16:04    13.6   06:33     00.2     00.0    00.3   01.7     12.9    15:07     ENE
06    18.4    24.4   15:54    12.9   08:29     00.0     00.1    00.0   01.9     14.8    16:52      NE
07    18.7    25.1   15:24    13.9   07:54     00.0     00.4    00.0   01.8     12.9    16:12     NNW
08    18.9    24.8   15:50    14.2   07:05     00.0     00.6    00.0   01.6     12.9    13:32      W 
09    18.9    21.9   17:03    16.9   06:38     00.0     00.6    01.3   02.6     22.2    16:51      E 
10    17.0    20.1   16:21    14.4   07:09     01.3     00.0    02.8   02.8     16.6    20:50      W 
11    16.4    22.8   16:32    12.6   09:06     01.9     00.0    00.3   03.2     16.6    04:15     WSW
12    17.3    22.7   15:01    12.8   06:43     01.0     00.0    00.0   01.4     11.1    13:39      NE
13    16.5    21.8   14:47    12.0   06:53     01.8     00.0    00.0   01.4     11.1    12:02      SW
14    15.8    21.1   16:48    10.8   07:51     02.5     00.0    00.3   01.4     09.3    17:09      W 
15    17.5    22.3   16:03    13.9   05:58     00.8     00.0    00.0   00.8     09.3    15:24     NNW
16    19.1    24.0   17:12    15.9   07:14     00.0     00.8    00.0   01.6     11.1    13:30     ENE
17    17.7    24.1   16:09    13.4   07:43     00.6     00.0    00.0   01.1     09.3    15:06      NE
18    18.1    24.6   16:05    13.1   08:52     00.2     00.0    00.0   03.2     16.6    15:20     WSW
19    18.1    24.4   16:14    13.7   07:45     00.2     00.0    00.0   01.9     12.9    11:15     WNW
20    17.5    21.7   15:27    13.2   08:02     00.8     00.0    00.0   01.7     16.6    11:59     ENE
21    17.2    18.4   14:56    15.7   06:54     01.1     00.0    00.0   06.7     29.6    22:09      E 
22    18.7    22.7   16:08    17.0   23:34     00.0     00.4    00.0   04.7     29.6    03:05      E 
23    18.6    22.2   16:28    15.8   08:30     00.0     00.3    00.0   02.7     16.6    10:47      E 
24    19.0    24.4   15:42    15.2   07:21     00.0     00.7    00.0   04.2     18.5    14:03     ENE
25    19.2    22.4   15:44    17.1   08:11     00.0     00.9    00.0   02.0     16.6    12:54     ESE
26    19.2    23.8   16:22    16.5   06:32     00.0     00.9    00.0   02.5     14.8    16:51     WNW
27    17.9    23.5   16:18    14.3   04:26     00.4     00.0    00.0   01.2     09.3    12:53      NW
28    16.9    23.0   17:13    11.7   08:07     01.4     00.0    00.0   02.5     16.6    10:28     WSW
29    17.3    24.2   16:19    11.4   09:03     01.0     00.0    00.3   02.7     14.8    14:53      W 
30    16.8    23.4   15:02    11.9   07:57     01.5     00.0    00.3   03.1     16.6    11:12      W 
31    16.8    24.4   15:25    11.3   07:43     01.5     00.0    00.0   02.3     14.8    09:51     WSW
--------------------------------------------------------------------------------------------------------
17.8 (18.5)   25.3  day 03     10.8  day 14   020.3    006.1   005.8   02.5     29.6   day 01     WNW
Min <   30: 31
Max Rain: 2.8 ON 10-10-22
Days of Rain: 8 (> .2mm) 1 (> 2mm) 0 (> 20mm)