NOAA-Style Climate Reports

Select a Year or Month report
2024: Gen Feb Mar Apr Mag Giu Lug Ago Set Ott Nov Dic
2023: Gen Feb Mar Apr Mag Giu Lug Ago Set Ott Nov Dic
2022: Gen Feb Mar Apr Mag Giu Lug Ago Set Ott Nov Dic
2021: Gen Feb Mar Apr Mag Giu Lug Ago Set Ott Nov Dic
2020: Gen Feb Mar Apr Mag Giu Lug Ago Set Ott Nov Dic
2019: Gen Feb Mar Apr Mag Giu Lug Ago Set Ott Nov Dic
2018: Gen Feb Mar Apr Mag Giu Lug Ago Set Ott Nov Dic
2017: Gen Feb Mar Apr Mag Giu Lug Ago Set Ott Nov Dic
2016: Gen Feb Mar Apr Mag Giu Lug Ago Set Ott Nov Dic

Report for 2022 Novembre

Daily noaa report



                            MONTHLY CLIMATOLOGICAL SUMMARY for NOV. 2022

NAME: Lodi San Bernardo   CITY: Lodi STATE: Italy
ELEV: 78 LAT: 045:17:57 LONG: -009:31:14

                            TEMPERATURE ( °C), RAIN (mm), WIND SPEED (kmh)

                                               HEAT     COOL           AVG
      MEAN                                     DEG      DEG            WIND                       DOM
DAY   TEMP    HIGH   TIME     LOW    TIME      DAYS     DAYS    RAIN   SPEED    HIGH    TIME      DIR
--------------------------------------------------------------------------------------------------------
01    14.4    18.7   13:42    12.1   06:37     03.9     00.0    04.1   02.6     20.4    14:15      W 
02    14.1    16.2   16:04    12.3   00:43     04.2     00.0    00.0   02.8     12.9    08:00     WSW
03    14.9    16.6   14:23    14.1   07:10     03.4     00.0    21.8   03.0     29.6    22:39      E 
04    13.8    17.7   14:32    10.5   22:10     04.5     00.0    08.2   07.8     55.5    06:33     WNW
05    12.0    18.7   15:22    06.9   07:04     06.3     00.0    00.0   02.4     14.8    10:21      SW
06    10.3    15.7   15:13    06.4   07:32     08.0     00.0    00.0   01.6     11.1    06:31     WSW
07    10.6    16.6   14:29    05.9   07:34     07.7     00.0    00.3   02.3     12.9    09:39     WSW
08    13.0    16.5   14:20    10.4   07:10     05.3     00.0    00.0   02.0     11.1    13:48      W 
09    12.5    13.4   00:18    11.8   23:13     05.8     00.0    04.3   01.6     11.1    03:59     WSW
10    12.2    13.9   13:31    10.3   23:40     06.1     00.0    06.6   02.6     11.1    14:05      W 
11    11.9    15.6   15:04    09.1   03:50     06.4     00.0    00.3   02.6     14.8    12:05     WSW
12    10.6    13.7   15:32    08.6   08:33     07.7     00.0    00.3   03.4     16.6    13:25     WSW
13    11.4    15.5   12:37    08.1   07:45     06.9     00.0    01.3   01.4     11.1    12:16      NE
14    10.5    13.6   14:56    08.2   00:00     07.8     00.0    02.3   03.4     12.9    19:48      N 
15    08.4    09.5   23:53    06.1   03:53     09.9     00.0    06.3   02.2     11.1    03:28      NW
16    10.0    11.8   16:22    07.8   23:51     08.3     00.0    06.6   03.4     18.5    14:24     WSW
17    09.7    12.8   15:25    06.6   02:15     08.6     00.0    00.3   01.8     11.1    10:03     WSW
18    12.3    16.0   15:31    09.6   23:31     06.0     00.0    00.0   07.3     29.6    15:10     WSW
19    09.1    13.0   14:18    07.2   03:26     09.2     00.0    00.0   03.4     12.9    16:59      W 
20    07.4    12.8   15:15    02.8   08:36     10.9     00.0    00.3   03.3     14.8    13:53     WSW
21    06.9    11.8   13:14    01.9   06:42     11.4     00.0    02.5   03.9     27.8    22:04      E 
22    08.0    10.6   13:50    06.2   23:59     10.3     00.0    34.3   06.3     31.4    06:58     WNW
23    06.1    11.2   15:07    02.2   08:04     12.2     00.0    00.6   01.8     12.9    00:34     WSW
24    07.7    14.3   15:32    03.6   06:30     10.6     00.0    00.0   03.8     18.5    12:12      W 
25    07.6    12.0   14:58    04.9   01:44     10.7     00.0    00.0   01.9     11.1    14:20     ENE
26    07.2    12.6   15:35    03.6   04:10     11.1     00.0    00.3   03.3     18.5    05:09      W 
27    06.0    11.1   14:44    00.9   08:26     12.3     00.0    00.0   01.7     12.9    08:51      SW
28    06.0    07.7   15:35    04.2   00:52     12.3     00.0    00.3   00.9     09.3    12:32      E 
29    06.1    07.7   13:16    04.3   00:00     12.2     00.0    00.0   00.9     11.1    12:15      NE
30    04.0    07.3   16:09    00.1   06:08     14.3     00.0    00.3   03.1     12.9    23:37     WNW
--------------------------------------------------------------------------------------------------------
09.8 (10.2)   18.7  day 05     00.1  day 30   254.0    000.0   101.4   02.9     55.5   day 04      W 
Min <   30: 30
Max Rain: 34.3 ON 22-11-22
Days of Rain: 20 (> .2mm) 10 (> 2mm) 2 (> 20mm)