NOAA-Style Climate Reports

Select a Year or Month report
2024: Gen Feb Mar Apr Mag Giu Lug Ago Set Ott Nov Dic
2023: Gen Feb Mar Apr Mag Giu Lug Ago Set Ott Nov Dic
2022: Gen Feb Mar Apr Mag Giu Lug Ago Set Ott Nov Dic
2021: Gen Feb Mar Apr Mag Giu Lug Ago Set Ott Nov Dic
2020: Gen Feb Mar Apr Mag Giu Lug Ago Set Ott Nov Dic
2019: Gen Feb Mar Apr Mag Giu Lug Ago Set Ott Nov Dic
2018: Gen Feb Mar Apr Mag Giu Lug Ago Set Ott Nov Dic
2017: Gen Feb Mar Apr Mag Giu Lug Ago Set Ott Nov Dic
2016: Gen Feb Mar Apr Mag Giu Lug Ago Set Ott Nov Dic

Report for 2023 Aprile

Daily noaa report



                            MONTHLY CLIMATOLOGICAL SUMMARY for APR. 2023

NAME: Lodi San Bernardo   CITY: Lodi STATE: Italy
ELEV: 78 LAT: 045:17:57 LONG: -009:31:14

                            TEMPERATURE ( °C), RAIN (mm), WIND SPEED (kmh)

                                               HEAT     COOL           AVG
      MEAN                                     DEG      DEG            WIND                       DOM
DAY   TEMP    HIGH   TIME     LOW    TIME      DAYS     DAYS    RAIN   SPEED    HIGH    TIME      DIR
--------------------------------------------------------------------------------------------------------
01    14.7    21.0   15:49    08.9   04:11     03.6     00.0    00.0   07.5     29.6    12:51      W 
02    13.7    19.4   16:32    08.0   07:04     04.6     00.0    00.0   04.5     25.9    16:51     ESE
03    12.6    18.1   15:46    07.4   07:14     05.7     00.0    00.0   07.5     38.9    17:49     ESE
04    09.6    13.3   16:11    05.7   07:43     08.7     00.0    00.0   07.7     29.6    10:53     ESE
05    08.4    12.9   15:34    04.2   07:23     09.9     00.0    00.0   06.0     25.9    14:18     ESE
06    09.4    15.3   17:17    02.5   07:15     08.9     00.0    00.0   03.7     20.4    13:41      W 
07    10.1    14.8   16:40    05.3   07:06     08.2     00.0    00.0   03.5     25.9    16:49     WSW
08    12.3    18.6   16:47    06.7   07:11     06.0     00.0    00.0   05.4     37.0    20:11     SSE
09    12.2    17.7   17:25    06.8   06:44     06.1     00.0    00.0   05.5     22.2    11:34      E 
10    12.7    17.8   16:05    07.2   06:51     05.6     00.0    00.0   04.9     27.8    09:37      E 
11    14.8    20.6   15:17    09.7   07:32     03.5     00.0    00.0   05.7     31.4    15:32      W 
12    13.1    17.3   14:29    09.6   07:10     05.2     00.0    00.0   05.1     24.1    13:23      E 
13    09.6    12.2   00:13    07.6   20:18     08.7     00.0    28.2   06.4     31.4    15:49     NNE
14    12.5    20.1   15:47    05.3   07:29     05.8     00.0    00.3   05.8     31.4    17:47      SW
15    12.6    18.1   15:49    06.7   06:29     05.7     00.0    00.0   04.1     27.8    20:06      E 
16    13.8    19.5   17:13    08.3   07:01     04.5     00.0    00.0   04.8     22.2    13:58     ESE
17    13.7    18.3   14:44    08.0   06:58     04.6     00.0    00.0   03.2     24.1    16:41     ESE
18    15.9    22.0   17:08    09.9   06:59     02.4     00.0    00.0   03.5     24.1    17:27      SE
19    16.2    23.3   17:48    10.0   06:59     02.1     00.0    00.0   04.8     29.6    23:10      E 
20    13.1    16.0   16:54    11.8   10:38     05.2     00.0    07.9   11.7     57.4    19:23     ESE
21    14.2    18.8   15:59    11.7   02:27     04.1     00.0    13.7   05.5     33.3    00:10      E 
22    15.7    21.2   16:40    10.3   06:50     02.6     00.0    00.0   04.5     16.6    16:39     WSW
23    17.9    22.6   16:57    13.6   06:46     00.4     00.0    00.0   03.4     20.4    23:15      N 
24    17.7    23.9   18:10    12.8   07:11     00.6     00.0    00.8   06.1     25.9    12:44     WNW
25    14.0    19.6   15:12    09.9   00:00     04.3     00.0    01.5   06.8     37.0    15:40     ESE
26    14.6    21.7   16:29    07.4   06:38     03.7     00.0    00.0   03.1     16.6    15:04      SE
27    15.9    22.4   15:33    08.9   06:41     02.4     00.0    00.0   04.0     18.5    17:11      E 
28    16.5    22.8   17:27    10.6   06:53     01.8     00.0    00.0   04.2     20.4    20:51      SE
29    17.2    21.1   15:41    13.8   05:05     01.1     00.0    01.5   03.2     14.8    18:53      S 
--------------------------------------------------------------------------------------------------------
13.6 (13.8)   23.9  day 24     02.5  day 06   135.8    000.0   053.9   05.3     57.4   day 20     ESE
Min <   30: 29
Max Rain: 28.2 ON 13-04-23
Days of Rain: 7 (> .2mm) 3 (> 2mm) 1 (> 20mm)