NOAA-Style Climate Reports

Select a Year or Month report
2024: Gen Feb Mar Apr Mag Giu Lug Ago Set Ott Nov Dic
2023: Gen Feb Mar Apr Mag Giu Lug Ago Set Ott Nov Dic
2022: Gen Feb Mar Apr Mag Giu Lug Ago Set Ott Nov Dic
2021: Gen Feb Mar Apr Mag Giu Lug Ago Set Ott Nov Dic
2020: Gen Feb Mar Apr Mag Giu Lug Ago Set Ott Nov Dic
2019: Gen Feb Mar Apr Mag Giu Lug Ago Set Ott Nov Dic
2018: Gen Feb Mar Apr Mag Giu Lug Ago Set Ott Nov Dic
2017: Gen Feb Mar Apr Mag Giu Lug Ago Set Ott Nov Dic
2016: Gen Feb Mar Apr Mag Giu Lug Ago Set Ott Nov Dic

Report for 2023 Ottobre

Daily noaa report



                            MONTHLY CLIMATOLOGICAL SUMMARY for OCT. 2023

NAME: Lodi San Bernardo   CITY: Lodi STATE: Italy
ELEV: 78 LAT: 045:17:57 LONG: -009:31:14

                            TEMPERATURE ( °C), RAIN (mm), WIND SPEED (kmh)

                                               HEAT     COOL           AVG
      MEAN                                     DEG      DEG            WIND                       DOM
DAY   TEMP    HIGH   TIME     LOW    TIME      DAYS     DAYS    RAIN   SPEED    HIGH    TIME      DIR
--------------------------------------------------------------------------------------------------------
01    21.3    27.6   16:09    16.3   07:38     00.0     03.0    00.0   02.1     14.8    13:34      NE
02    21.3    28.4   16:48    15.8   07:31     00.0     03.0    00.0   01.7     09.3    23:12     NNE
03    21.4    27.7   16:02    16.4   08:22     00.0     03.1    00.0   03.7     16.6    21:56      W 
04    20.8    25.3   15:34    17.6   05:08     00.0     02.5    00.0   03.2     18.5    20:16      E 
05    20.7    25.8   16:25    16.3   07:51     00.0     02.4    00.0   02.2     11.1    17:15      N 
06    20.3    25.4   16:57    16.1   07:53     00.0     02.0    00.0   01.8     14.8    12:43     ENE
07    20.1    26.0   16:53    15.1   07:45     00.0     01.8    00.0   03.1     22.2    14:10      W 
08    22.3    30.4   16:03    15.6   08:28     00.0     04.0    00.0   05.6     22.2    15:53      W 
09    23.0    31.0   15:49    16.4   07:44     00.0     04.7    00.0   06.5     24.1    14:54      W 
10    22.2    29.2   17:09    15.8   08:15     00.0     03.9    00.0   03.8     18.5    12:07      W 
11    21.3    25.9   17:00    17.9   05:03     00.0     03.0    00.0   02.0     11.1    16:02      N 
12    21.2    25.7   16:50    18.6   08:49     00.0     02.9    00.0   03.7     18.5    14:09      W 
13    21.1    25.8   14:16    17.3   07:08     00.0     02.8    00.0   01.8     12.9    13:34      W 
14    20.8    25.2   15:31    16.9   07:07     00.0     02.5    00.0   03.0     18.5    13:23      W 
15    19.1    26.1   15:12    14.9   00:00     00.0     00.8    00.0   06.5     29.6    22:04     WNW
16    15.1    18.0   14:23    11.6   00:00     03.2     00.0    00.0   05.6     25.9    12:10      E 
17    13.1    18.2   15:09    07.8   07:29     05.2     00.0    00.0   02.4     16.6    14:21      NE
18    12.3    13.1   14:56    11.1   23:23     06.0     00.0    00.5   03.1     12.9    15:56      E 
19    12.2    13.7   20:02    10.7   05:00     06.1     00.0    06.1   02.1     11.1    23:33      S 
20    16.4    21.2   17:15    12.7   04:07     01.9     00.0    04.6   07.0     33.3    11:44      E 
21    17.2    22.7   16:33    12.9   05:11     01.1     00.0    00.0   03.2     18.5    14:16     ENE
22    16.3    20.9   16:15    11.9   07:57     02.0     00.0    00.0   02.6     12.9    11:13      NW
23    15.5    18.8   14:55    12.7   08:37     02.8     00.0    00.5   02.0     16.6    12:39      NE
24    14.5    14.9   18:00    13.6   00:00     03.8     00.0    19.9   03.0     20.4    20:58      SW
25    13.5    15.7   15:10    12.6   07:17     04.8     00.0    00.0   02.9     18.5    15:28     WSW
26    14.1    16.1   16:29    12.6   01:42     04.2     00.0    00.5   04.7     24.1    22:20     WSW
27    16.8    22.5   16:13    12.9   00:00     01.5     00.0    03.3   06.5     25.9    14:02     WSW
28    14.3    19.3   14:16    09.9   08:09     04.0     00.0    00.3   02.5     12.9    05:05      N 
29    13.9    15.8   15:32    11.3   02:59     04.4     00.0    00.5   04.0     18.5    12:24      E 
30    15.2    16.7   22:41    14.2   13:56     03.1     00.0    47.7   04.2     25.9    16:26     ESE
31    14.7    18.8   15:31    11.6   23:37     03.6     00.0    03.6   08.1     66.6    08:12     WNW
--------------------------------------------------------------------------------------------------------
17.8 (18.2)   31.0  day 09     07.8  day 17   057.8    042.4   087.5   03.7     66.6   day 31      W 
Max >  30: 2
Min <   30: 31
Max Rain: 47.7 ON 30-10-23
Days of Rain: 11 (> .2mm) 6 (> 2mm) 1 (> 20mm)