NOAA-Style Climate Reports

Select a Year or Month report
2024: Gen Feb Mar Apr Mag Giu Lug Ago Set Ott Nov Dic
2023: Gen Feb Mar Apr Mag Giu Lug Ago Set Ott Nov Dic
2022: Gen Feb Mar Apr Mag Giu Lug Ago Set Ott Nov Dic
2021: Gen Feb Mar Apr Mag Giu Lug Ago Set Ott Nov Dic
2020: Gen Feb Mar Apr Mag Giu Lug Ago Set Ott Nov Dic
2019: Gen Feb Mar Apr Mag Giu Lug Ago Set Ott Nov Dic
2018: Gen Feb Mar Apr Mag Giu Lug Ago Set Ott Nov Dic
2017: Gen Feb Mar Apr Mag Giu Lug Ago Set Ott Nov Dic
2016: Gen Feb Mar Apr Mag Giu Lug Ago Set Ott Nov Dic

Report for 2023 Novembre

Daily noaa report



                            MONTHLY CLIMATOLOGICAL SUMMARY for NOV. 2023

NAME: Lodi San Bernardo   CITY: Lodi STATE: Italy
ELEV: 78 LAT: 045:17:57 LONG: -009:31:14

                            TEMPERATURE ( °C), RAIN (mm), WIND SPEED (kmh)

                                               HEAT     COOL           AVG
      MEAN                                     DEG      DEG            WIND                       DOM
DAY   TEMP    HIGH   TIME     LOW    TIME      DAYS     DAYS    RAIN   SPEED    HIGH    TIME      DIR
--------------------------------------------------------------------------------------------------------
01    11.5    14.3   15:21    08.4   06:39     06.8     00.0    01.8   02.0     16.6    16:25     ENE
02    12.2    13.9   16:49    10.8   23:51     06.1     00.0    16.8   07.0     44.4    14:28     ESE
03    12.2    17.3   15:40    08.5   23:10     06.1     00.0    12.7   06.7     53.6    08:25      W 
04    09.7    13.3   12:38    05.6   07:17     08.6     00.0    20.6   04.3     24.1    20:13      NE
05    09.6    14.3   03:00    07.8   07:27     08.7     00.0    00.0   05.3     22.2    05:37      W 
06    11.4    17.1   14:58    05.6   07:31     06.9     00.0    08.2   02.7     14.8    13:57      NE
07    11.0    16.1   15:11    07.1   06:40     07.3     00.0    00.6   02.5     12.9    15:17      W 
08    09.0    14.2   14:42    04.7   07:31     09.3     00.0    00.0   03.2     18.5    09:19      W 
09    08.4    09.9   13:17    06.3   01:37     09.9     00.0    06.1   02.6     12.9    09:43     NNW
10    09.1    11.2   16:03    07.4   00:00     09.2     00.0    00.3   05.3     24.1    22:14     WSW
11    09.4    16.0   15:04    04.7   08:17     08.9     00.0    00.0   05.8     24.1    11:02      W 
12    07.8    11.1   15:37    05.1   02:29     10.5     00.0    00.0   02.6     14.8    21:02      W 
13    08.8    13.5   14:43    04.1   06:55     09.5     00.0    00.3   01.9     07.4    20:33      E 
14    11.2    13.6   13:41    09.1   00:36     07.1     00.0    00.0   02.0     12.9    14:14     ESE
15    12.9    17.4   15:56    09.9   23:39     05.4     00.0    00.0   08.1     31.4    12:17      W 
16    10.3    13.1   13:08    06.5   07:19     08.0     00.0    00.0   02.5     11.1    22:49     WSW
17    12.4    19.0   13:31    06.2   05:45     05.9     00.0    00.0   12.7     40.7    14:56     WNW
18    06.8    11.0   00:02    05.0   07:56     11.5     00.0    00.0   08.2     25.9    03:40     WSW
19    09.5    14.7   14:29    04.6   07:55     08.8     00.0    00.0   02.9     12.9    08:30     WSW
20    09.2    11.7   16:08    06.4   08:10     09.1     00.0    00.0   01.7     12.9    21:10      NE
21    10.2    12.5   14:28    07.3   23:34     08.1     00.0    00.0   02.1     09.3    11:55     NNW
22    09.0    15.2   14:28    03.9   08:02     09.3     00.0    00.0   02.4     12.9    14:55     NNE
23    08.0    13.4   14:55    03.1   07:51     10.3     00.0    00.3   02.6     14.8    23:32      W 
24    06.9    12.7   16:07    02.8   07:47     11.4     00.0    00.0   03.8     14.8    06:04     WSW
25    09.0    11.7   14:09    03.8   00:20     09.3     00.0    00.3   14.9     51.8    12:31      NW
26    05.9    12.6   14:57    01.9   05:23     12.4     00.0    00.0   10.2     33.3    07:10     WSW
27    04.2    06.4   11:58    01.2   02:17     14.1     00.0    01.8   01.7     14.8    12:49      W 
28    07.2    12.2   21:10    03.6   07:01     11.1     00.0    00.6   10.3     42.5    23:33      W 
29    06.2    10.5   00:01    01.0   08:18     12.1     00.0    00.0   03.0     16.6    14:09     ENE
30    04.5    06.7   02:14    03.0   10:05     13.8     00.0    06.9   03.8     12.9    22:27     WSW
--------------------------------------------------------------------------------------------------------
09.1 (9.4)   19.0  day 17     01.0  day 29   275.7    000.0   077.1   04.8     53.7   day 25      W 
Min <   30: 30
Max Rain: 20.6 ON 4-11-23
Days of Rain: 14 (> .2mm) 6 (> 2mm) 1 (> 20mm)