NOAA-Style Climate Reports

Select a Year or Month report
2024: Gen Feb Mar Apr Mag Giu Lug Ago Set Ott Nov Dic
2023: Gen Feb Mar Apr Mag Giu Lug Ago Set Ott Nov Dic
2022: Gen Feb Mar Apr Mag Giu Lug Ago Set Ott Nov Dic
2021: Gen Feb Mar Apr Mag Giu Lug Ago Set Ott Nov Dic
2020: Gen Feb Mar Apr Mag Giu Lug Ago Set Ott Nov Dic
2019: Gen Feb Mar Apr Mag Giu Lug Ago Set Ott Nov Dic
2018: Gen Feb Mar Apr Mag Giu Lug Ago Set Ott Nov Dic
2017: Gen Feb Mar Apr Mag Giu Lug Ago Set Ott Nov Dic
2016: Gen Feb Mar Apr Mag Giu Lug Ago Set Ott Nov Dic

Report for 2023 Dicembre

Daily noaa report



                            MONTHLY CLIMATOLOGICAL SUMMARY for DEC. 2023

NAME: Lodi San Bernardo   CITY: Lodi STATE: Italy
ELEV: 78 LAT: 045:17:57 LONG: -009:31:14

                            TEMPERATURE ( °C), RAIN (mm), WIND SPEED (kmh)

                                               HEAT     COOL           AVG
      MEAN                                     DEG      DEG            WIND                       DOM
DAY   TEMP    HIGH   TIME     LOW    TIME      DAYS     DAYS    RAIN   SPEED    HIGH    TIME      DIR
--------------------------------------------------------------------------------------------------------
01    05.6    07.2   21:24    04.5   06:04     12.7     00.0    00.5   03.6     18.5    23:47     WSW
02    07.5    12.6   15:32    05.2   07:41     10.8     00.0    08.6   09.6     50.0    13:05     WNW
03    05.0    09.2   15:05    01.6   23:58     13.3     00.0    00.0   02.7     14.8    11:00      NE
04    01.5    02.9   14:24    00.6   05:14     16.8     00.0    01.3   01.3     07.4    11:36      NE
05    03.0    05.3   16:05    01.3   00:08     15.3     00.0    01.0   04.1     14.8    22:17     WSW
06    03.2    08.0   15:38   -00.4   08:40     15.1     00.0    00.3   04.2     18.5    11:15     WSW
07    03.3    08.1   15:34    00.1   08:22     15.0     00.0    00.0   02.9     14.8    05:44     WSW
08    03.2    04.7   13:48    01.6   02:02     15.1     00.0    00.5   03.9     16.6    20:34     WSW
09    03.3    05.4   16:02    01.2   08:31     15.0     00.0    00.5   04.4     18.5    22:12     WSW
10    05.3    10.5   14:30    02.8   09:08     13.0     00.0    00.8   08.2     38.9    06:26     WSW
11    04.9    06.5   14:23    03.6   08:35     13.4     00.0    00.3   02.9     12.9    10:10     ESE
12    05.7    07.1   15:40    03.7   04:55     12.6     00.0    00.3   03.1     11.1    16:36     WNW
13    07.1    07.9   19:24    06.2   07:13     11.2     00.0    04.4   02.6     12.9    06:59     WSW
14    07.1    10.3   14:28    01.8   23:29     11.2     00.0    00.0   03.6     16.6    09:10     WNW
15    04.9    11.6   15:06   -00.1   04:34     13.4     00.0    00.5   01.7     11.1    23:41      SW
16    02.6    07.1   14:14   -00.4   23:13     15.7     00.0    00.3   03.0     12.9    11:51     WSW
17    02.1    04.2   21:17   -00.9   02:32     16.2     00.0    00.3   06.0     22.2    13:35     WSW
18    05.2    10.2   14:20    00.7   06:12     13.1     00.0    00.0   05.3     18.5    11:37     WSW
19    05.7    11.9   15:05    01.1   07:40     12.6     00.0    00.3   03.6     18.5    11:58     WSW
20    04.5    09.0   15:36    02.1   23:23     13.8     00.0    00.3   02.3     14.8    04:27      SW
21    04.1    10.2   22:09   -00.4   03:52     14.2     00.0    00.5   05.2     25.9    21:53      W 
22    12.8    18.8   14:04    07.4   03:54     05.5     00.0    00.0   10.1     42.5    10:09      W 
23    13.2    18.3   14:06    08.8   07:49     05.1     00.0    00.0   10.3     29.6    14:28      W 
24    12.1    17.9   15:01    07.2   22:57     06.2     00.0    00.0   09.4     33.3    11:56      W 
25    08.6    14.0   13:26    03.6   08:52     09.7     00.0    00.0   01.6     07.4    22:24      S 
26    08.6    11.5   14:59    05.2   00:00     09.7     00.0    00.0   03.0     12.9    14:14     WSW
27    07.9    09.7   16:03    05.2   00:07     10.4     00.0    00.3   02.0     11.1    10:35      W 
28    09.0    11.4   14:10    08.1   05:07     09.3     00.0    00.0   02.9     12.9    23:26     WSW
29    08.6    09.4   14:01    08.1   22:03     09.7     00.0    00.0   04.5     14.8    17:33     WSW
30    08.4    09.9   15:47    07.8   04:37     09.9     00.0    01.3   02.7     11.1    11:46      SW
31    08.0    08.3   00:40    07.7   18:36     10.3     00.0    13.7   02.7     18.5    18:57     ENE
--------------------------------------------------------------------------------------------------------
06.2 (6.5)   18.8  day 22    -00.9  day 17   375.2    000.0   035.8   04.3     50.0   day 02      W 
Min <   30: 31
Max Rain: 13.7 ON 31-12-24
Days of Rain: 20 (> .2mm) 3 (> 2mm) 0 (> 20mm)